{"id":11068,"date":"2025-09-17T12:22:44","date_gmt":"2025-09-17T10:22:44","guid":{"rendered":"https:\/\/lutinetgazelle.com\/?post_type=product&#038;p=11068"},"modified":"2025-12-03T18:05:56","modified_gmt":"2025-12-03T17:05:56","slug":"table-basse-volante-de-pierre-guariche-pour-steiner","status":"publish","type":"product","link":"https:\/\/lutinetgazelle.com\/en\/boutique\/table-basse-volante-de-pierre-guariche-pour-steiner\/","title":{"rendered":"Table basse \u00ab Volante \u00bbde P. Guariche"},"content":{"rendered":"<p>C\u00e9l\u00e8bre petite table basse dite \u00ab\u00a0table volante\u00a0\u00bb aux \u00e9ditions Steiner de Pierre Guariche. Typique des ann\u00e9es 50 et des cr\u00e9ations de ce designer Fran\u00e7ais.<\/p>\n<p>Compos\u00e9 d\u2019un plateau stratifi\u00e9 noir sur un panneau carr\u00e9 en acajou support\u00e9 par un pi\u00e9tement m\u00e9tallique tubulaire noir.<\/p>\n<p>Table l\u00e9g\u00e8re, facile \u00e0 manipuler.<\/p>\n<p>Le plateau pr\u00e9sente des petites traces adapt\u00e9es \u00e0 l\u2019\u00e2ge de ce mobilier<\/p>\n<p class=\"p1\"><b>DESCRIPTION<\/b><\/p>\n<p class=\"p2\">Table \u00ab\u00a0volante\u00a0\u00bb de Pierre Guariche pour Steiner, vers 1960.<\/p>\n<p class=\"p2\">Pi\u00e8tement en m\u00e9tal laqu\u00e9 noir, plateau en m\u00e9lamin\u00e9 noir.<\/p>\n<p class=\"p2\">h=35cm, l=39,5cm, p=39,5cm<\/p>\n<p class=\"p2\">Tr\u00e8s bon \u00e9tat, enti\u00e8rement d&rsquo;origine.<\/p>\n<p class=\"p1\">Table \u00ab\u00a0Volante\u00a0\u00bb de Pierre Guariche pour Steiner, c. 1960<\/p>","protected":false},"excerpt":{"rendered":"<p class=\"p1\"><b>DESCRIPTION<\/b><\/p>\n<p class=\"p2\">Table \u00ab\u00a0volante\u00a0\u00bb de Pierre Guariche pour Steiner.<\/p>\n<p class=\"p2\">Pi\u00e8tement en m\u00e9tal laqu\u00e9 noir, plateau en m\u00e9lamin\u00e9.<\/p>\n<p class=\"p2\">h=35cm, l=39,5cm, p=39,5cm<\/p>\n<p class=\"p2\">Tr\u00e8s bon \u00e9tat, enti\u00e8rement d&rsquo;origine.<\/p>\n<p class=\"p1\">Dimensions<\/p>\n<p class=\"p1\">Largeur<\/p>\n<p class=\"p1\">39 cm<\/p>\n<p class=\"p1\">Longueur<\/p>\n<p class=\"p1\">39 cm<\/p>\n<p class=\"p1\">Hauteur<\/p>\n<p class=\"p1\">35 cm<\/p>\n<p class=\"p1\">\u00a0Table \u00ab\u00a0Volante\u00a0\u00bb de Pierre Guariche pour Steiner, c. 1960<\/p>","protected":false},"featured_media":93799,"comment_status":"open","ping_status":"closed","template":"","meta":{"_seopress_robots_primary_cat":"none","_seopress_titles_title":"","_seopress_titles_desc":"","_seopress_robots_index":"","_themeisle_gutenberg_block_has_review":false},"product_brand":[],"product_cat":[52],"product_tag":[],"class_list":{"0":"post-11068","1":"product","2":"type-product","3":"status-publish","4":"has-post-thumbnail","6":"product_cat-mobilier","8":"first","9":"instock","10":"taxable","11":"shipping-taxable","12":"purchasable","13":"product-type-simple"},"_links":{"self":[{"href":"https:\/\/lutinetgazelle.com\/en\/wp-json\/wp\/v2\/product\/11068","targetHints":{"allow":["GET"]}}],"collection":[{"href":"https:\/\/lutinetgazelle.com\/en\/wp-json\/wp\/v2\/product"}],"about":[{"href":"https:\/\/lutinetgazelle.com\/en\/wp-json\/wp\/v2\/types\/product"}],"replies":[{"embeddable":true,"href":"https:\/\/lutinetgazelle.com\/en\/wp-json\/wp\/v2\/comments?post=11068"}],"wp:featuredmedia":[{"embeddable":true,"href":"https:\/\/lutinetgazelle.com\/en\/wp-json\/wp\/v2\/media\/93799"}],"wp:attachment":[{"href":"https:\/\/lutinetgazelle.com\/en\/wp-json\/wp\/v2\/media?parent=11068"}],"wp:term":[{"taxonomy":"product_brand","embeddable":true,"href":"https:\/\/lutinetgazelle.com\/en\/wp-json\/wp\/v2\/product_brand?post=11068"},{"taxonomy":"product_cat","embeddable":true,"href":"https:\/\/lutinetgazelle.com\/en\/wp-json\/wp\/v2\/product_cat?post=11068"},{"taxonomy":"product_tag","embeddable":true,"href":"https:\/\/lutinetgazelle.com\/en\/wp-json\/wp\/v2\/product_tag?post=11068"}],"curies":[{"name":"wp","href":"https:\/\/api.w.org\/{rel}","templated":true}]}}

<p>Célèbre petite table basse dite « table volante » aux éditions Steiner de Pierre Guariche. Typique des années 50 et des créations de ce designer Français.</p>
<p>Composé d’un plateau stratifié noir sur un panneau carré en acajou supporté par un piétement métallique tubulaire noir.</p>
<p>Table légère, facile à manipuler.</p>
<p>Le plateau présente des petites traces adaptées à l’âge de ce mobilier</p>
<p class="p1"><b>DESCRIPTION</b></p>
<p class="p2">Table « volante » de Pierre Guariche pour Steiner, vers 1960.</p>
<p class="p2">Piètement en métal laqué noir, plateau en mélaminé noir.</p>
<p class="p2">h=35cm, l=39,5cm, p=39,5cm</p>
<p class="p2">Très bon état, entièrement d&rsquo;origine.</p>
<p class="p1">Table « Volante » de Pierre Guariche pour Steiner, c. 1960</p>

<p class="p1"><b>DESCRIPTION</b></p>
<p class="p2">Table « volante » de Pierre Guariche pour Steiner.</p>
<p class="p2">Piètement en métal laqué noir, plateau en mélaminé.</p>
<p class="p2">h=35cm, l=39,5cm, p=39,5cm</p>
<p class="p2">Très bon état, entièrement d&rsquo;origine.</p>
<p class="p1">Dimensions</p>
<p class="p1">Largeur</p>
<p class="p1">39 cm</p>
<p class="p1">Longueur</p>
<p class="p1">39 cm</p>
<p class="p1">Hauteur</p>
<p class="p1">35 cm</p>
<p class="p1"> Table « Volante » de Pierre Guariche pour Steiner, c. 1960</p>
